 - 20, -4*j + n + 4 = -0*n. Suppose 0*g + 2*g - 134 = j. Is g a composite number?
False
Suppose 3*s + 690 = 2709. Is s prime?
True
Let q(o) = -o**2 - 4*o + 3. Let z be q(-4). Let n = -23 - -23. Suppose 3*l = -r - 0*l + 124, n = -z*r + 4*l + 437. Is r a prime number?
True
Let i = -2 + 6. Suppose 5*v - i*p = v + 32, 5*v = -3*p + 24. Is v prime?
False
Suppose -12 = -5*a + a. Let w(k) = k**3 - 3*k**2 + 3*k + 2. Is w(a) prime?
True
Suppose -5*r = 3*w + 640 - 3450, 2*r = w + 1113. Let k = r + 328. Is k a prime number?
True
Let l = 282 + 37. Is l a composite number?
True
Let c = -2 + 9. Is 3/(-1) - (c + -57) a composite number?
False
Let t = -89 - -178. Is t a prime number?
True
Let v be (4/(-6))/((-6)/45). Suppose -c - 3 = 0, 3*q - 2*c = -v*c - 12. Is q*(-1 + -9*10) a prime number?
False
Let m be 2/(2 - (2 - -1)). Is (-21)/(-6) - (-1)/m prime?
True
Suppose 30 = -2*b + 2. Let r = 8 - b. Is r composite?
True
Suppose -3*n - l + 1169 = -5*l, l + 1576 = 4*n. Is n a composite number?
True
Suppose 3*b - 6 = 0, -2*b + 0 - 2 = -2*j. Suppose -6 = -j*o + 105. Is o a prime number?
True
Is (2178 + -1 - -3) + 3/(-3) prime?
True
Let k = -10 + 19. Suppose 0 = 3*j - k - 360. Is j a prime number?
False
Let f(d) = d**2 + 1. Let w(l) = 4*l**2 + 2*l + 7. Let o(q) = 5*f(q) - w(q). Suppose 3*p + 19 = -5*t - 7, 0 = -3*t - 12. Is o(p) a composite number?
True
Let g be ((-318)/(-4))/((-3)/(-8)). Suppose -5*o + g = -o. Suppose 0 = -4*i + 5*i - o. Is i a composite number?
False
Let y = -438 - -809. Is y composite?
True
Let s(o) = 4*o**2 + o - 4. Is s(3) composite?
True
Let r = 2 + -4. Is 61 - (2/r + 3) composite?
False
Suppose 0 = k - 4*u + 3*u, 4*k - 24 = -4*u. Suppose -6*y = -y + 2*o - 259, k*o - 210 = -4*y. Is y a composite number?
True
Suppose y - 4 = 0, -5*y = 3*d - 398 - 1956. Is d composite?
True
Suppose -5*z = -2*z - 339. Is z composite?
False
Suppose -q + 31 = -6. Is q prime?
True
Suppose -5*k - 4*n = -2795, -5*k + k - 4*n = -2236. Is k composite?
True
Suppose 0 = w + 5*i - 169, 0*w - w = i - 165. Suppose 5*t + 59 - 2 = s, 4*s - 4*t = w. Is s a composite number?
False
Let i = -7 + 20. Is i a prime number?
True
Suppose 0 = 6*n - 10*n + 12. Let t be (1 + 3)/2 + n. Suppose -200 = -t*o + 75. Is o composite?
True
Let t(j) be the first derivative of j**4/4 - 5*j**3/3 - 3*j**2/2 + j - 3. Suppose -u + 5*u + 2*a = 28, -4*u = 5*a - 34. Is t(u) a composite number?
False
Let h = 12 - 21. Suppose 0 = u + 4, 0 = -2*p + 5*u + 8. Is p/h - (-56)/6 a prime number?
False
Is (-4 - -70) + (2 - 1) a composite number?
False
Let q be -5*(-4 + 3/1). Suppose -z = 3*h - 2*z - 419, 2*h - q*z = 288. Is h composite?
False
Suppose 0 = -3*d + 7*d - 3*l + 45, -3*l = 4*d + 51. Is 1813/42 + 2/d a composite number?
False
Let z be (-16)/6*15/10. Is (-3)/12 + (-853)/z composite?
True
Let q be 1 + 1 + 2 + 2. Suppose 0 = -3*u + 4*h + q, -3*h + 4 = 2*u - 4*h. Suppose -u*v = -5*v + 66. Is v a composite number?
True
Let v = 66 - -1193. Is v composite?
False
Let q(f) = 35*f**2 + f - 1. Is q(1) composite?
True
Let t = -24 + 17. Let z(d) = -21*d + 2. Is z(t) composite?
False
Suppose 4*r - 22 = -6. Suppose 0*p = r*p - 44. Is (-422)/(-22) - 2/p a composite number?
False
Suppose 12*g + 6841 = 17581. Is g composite?
True
Suppose 0 = -2*t + 6*t - 4724. Is t a prime number?
True
Is 139*((-8 - -4) + 5) prime?
True
Let a = -780 - -1157. Is a a composite number?
True
Let q(u) = 7*u**2 - 10*u + 8. Let i be q(6). Suppose -181 = -m + i. Suppose 0 = 5*o + 2*y - m, -71 = -5*o + 4*o - 3*y. Is o prime?
False
Suppose 0*k = k - 4. Suppose 0 = -2*p + 6, 2*p - k*p - 591 = -3*c. Is c composite?
False
Suppose 6 = w + 5. Suppose 13 = 3*b + w. Suppose b*z - 113 = 3*h, 6*z + h - 49 = 4*z. Is z composite?
True
Suppose 3*j + m = 763, -5*j + 646 + 603 = -4*m. Is j a prime number?
False
Suppose -4 = -2*d, -4*g - 2*d = -2486 - 2482. Is g a prime number?
False
Let f(w) = w**2 - 2*w. Let i be f(3). Suppose -2*l - 5*r - 2 = -12, -i*l + 10 = 5*r. Suppose l = -5*u - 10, u - 24 = -2*s - 2*u. Is s a composite number?
True
Let w be ((-35)/(-14))/((-1)/(-2)). Suppose 2 = -4*h + 2*g, w*h + 2*g - 35 = -3*g. Suppose 2*m - h*a = 68, -4*a + 33 = -2*m + 99. Is m a composite number?
True
Let a = 2 + 3. Suppose 5*t - a*j - 185 = 0, t + 2*t = -4*j + 111. Is t a prime number?
True
Let a(o) = 6*o**3 - o**2 - 6*o + 6. Let y(k) = 3*k**3 - 7*k**3 + 3*k + 3*k**3 - 2*k - 1. Let b(q) = 4*a(q) + 22*y(q). Is b(3) a composite number?
True
Suppose 12*x - 7*x - 3805 = 0. Is x a composite number?
False
Let s(n) = 16*n - 1. Let f(g) = g**3 + g + 5. Let l be f(0). Is s(l) a composite number?
False
Suppose d + 59 = 2*f, -4*d = 2*f - 5 - 79. Suppose -5*k + 123 = -f. Let y = -20 + k. Is y composite?
False
Suppose 129 = 2*s - 0*y + y, 5*y = -25. Is s composite?
False
Let b(f) = 3*f**3 + 5*f - 9. Is b(7) prime?
False
Suppose 0 = -b - 3, 3*b = -2*d - 1 - 6. Is (2/d*-37)/(-2) a prime number?
True
Let o(t) = -t**2 + t - 6. Let v be o(-5). Let z = v + 54. Let i = -7 + z. Is i composite?
False
Suppose -4*i + 240 = r, 753 = 3*r - i + 2*i. Let k(z) = -78*z + 1. Let f be k(2). Let h = r + f. Is h composite?
False
Let q be (-40)/(-15) - 1/(-3). Suppose -q*p = -6 - 27. Is -1*-3*p*1 prime?
False
Suppose 21180 = -4*x - 0*x. Is (-8)/(-14) - x/105 prime?
False
Let x(u) = 180*u - 3. Let k be x(-3). Let g = k + 1124. Is g prime?
False
Let g = 1933 - 1368. Suppose q + o - 113 = -2*o, -5*q = 5*o - g. Is q prime?
True
Suppose -4*d - 3 = 2*c - 5, -4*c - 11 = 3*d. Suppose -76 = -j - d*j. Is j composite?
False
Let u(q) = -2*q**3 + 5*q**2 + 8*q + 6. Is u(-5) a prime number?
False
Let j = 0 + 2. Suppose 18 = j*p - 52. Is p a prime number?
False
Is -1 - (6/(-2) + -495) prime?
False
Suppose 4*d = -5*f + 21, -d + 7 = 3. Is f/(-2)*(-1788)/3 a prime number?
False
Let y(g) = 40*g**2 + 3*g + 6. Is y(-5) a composite number?
False
Suppose 5*v + 6*j = j + 10, 5 = -5*j. Suppose c = 5*y + 6 + 10, -v*c = -y - 90. Is c a prime number?
True
Suppose 14*w = 23*w + 81. Let k = 113 + -67. Let v = k + w. Is v prime?
True
Let y(p) = -21*p + 12. Let j(l) = 20*l - 11. Let d(g) = 7*j(g) + 6*y(g). Is d(6) a composite number?
False
Suppose 2*c = 4*q - 2*c, -4*q - 4*c = -32. Suppose -q*d + 299 = 3*s, -2*d - 246 = -5*d + 5*s. Is d a prime number?
False
Is (-1)/(-2)*-2*-138 + 4 prime?
False
Let y(q) = -3*q + 12. Is y(-9) composite?
True
Let i = 1339 + -204. Is i prime?
False
Let s(f) = f**2 + f - 1. Let z(q) = 2*q**2 + 6*q - 2. Let v(w) = 3*s(w) - z(w). Let g(l) = -l**2 + 7*l - 5. Let d be g(5). Is v(d) prime?
False
Let n(m) = m**2 - 21*m + 16. Let k be n(20). Let a(w) be the first derivative of 20*w**3/3 - 3*w**2/2 - w - 1. Is a(k) prime?
True
Suppose 0 = s + 2. Let r be (-2768)/20 + s/(-5). Is (r/8)/((-3)/8) prime?
False
Suppose d + 3*d - 1556 = 0. Suppose 2*y - d + 79 = 0. Suppose 2*m = -3*m + y. Is m a composite number?
False
Suppose 1550 = 3*k - 373. Is k prime?
True
Let a = -22 + 25. Suppose 3*c = -a*m + 57, -3*c + 4*m + 81 = m. Is c a prime number?
True
Suppose 2*x + l - 6*l - 26 = 0, 0 = 4*x - 2*l - 20. Let i = 20 + 50. Suppose 5*v = x*w + 197, w - i = -2*v - 0*w. Is v composite?
False
Suppose 2*i - 102 = i. Suppose 4*y - i = y. Is y a composite number?
True
Let m(y) = 4*y - 10. Let r(p) be the third derivative of p**4/24 + 4*p**3/3 - 2*p**2. Let a be r(0). Is m(a) a prime number?
False
Let i(t) = -t**2 - 4*t + 2. Let m be i(-4). Let p = 2 - m. Is -25*(p + 3/(-3)) a prime number?
False
Suppose 0 = -5*m + 3*n - 2*n + 720, 4*n - 600 = -4*m. Is m composite?
True
Suppose 4*u + 2 = 50. Is (-2)/(-8) + 10809/u composite?
True
Let y(u) be the first derivative of -11*u**4/2 + u**3/3 - u**2/2 + 4. Let m be y(1). Let z = 57 + m. Is z a composite number?
True
Suppose 1 = -2*u + 9. Suppose -2*z = -u*z + 166. Is z a prime number?
True
Let u = 115 - -24. Is u a composite number?
False
Suppose -5*z + 7 = -2*p - 0, 0 = 3*z - 4*p - 7. Is 5*(1 - (-15 - z)) prime?
False
Suppose 0 = 2*q - q. Is q + (-1076)/(-4) + 0 composite?
False
Is ((-489)/9)/((-3)/9) composite?
False
Let v(j) = 7*j**2 + 2*j - 2. Let k be v(-4). Suppose 9 + k = 3*q. Is q a composite number?
False
Is 2/8 - (-315)/4 composite?
False
Is (-3)/(-21) - 711/(-21) a composite number?
True
Let m be 7/((6/(-118))/3). Is (-6)/(-4) + m/(-14) composite?
False
Let k = 4 - 4. Suppose 0